Convert -6 (base 13) to base 3.
-20
-121 (base 3) to base 5
-31
Convert 1 (base 15) to base 5.
1
What is 3 (base 12) in base 13?
3
Convert 9 (base 15) to base 9.
10
Convert -d (base 14) to base 12.
-11
Convert 57 (base 9) to base 15.
37
Convert -11 (base 13) to base 9.
-15
-10000 (base 2) to base 7
-22
What is c (base 14) in base 3?
110
-117 (base 9) to base 15
-67
What is -2 (base 13) in base 6?
-2
What is 12 (base 5) in base 4?
13
4 (base 6) to base 16
4
What is 125 (base 6) in base 7?
104
2 (base 6) to base 3
2
Convert 13 (base 7) to base 13.
a
What is -1011111 (base 2) in base 13?
-74
What is 2 (base 15) in base 2?
10
Convert -2 (base 11) to base 2.
-10
Convert 13 (base 7) to base 10.
10
-51 (base 12) to base 9
-67
What is -7 (base 13) in base 4?
-13
Convert 443 (base 5) to base 11.
102
Convert 16 (base 9) to base 14.
11
What is 31 (base 16) in base 10?
49
Convert 9 (base 10) to base 11.
9
Convert -59 (base 13) to base 11.
-68
What is -2 (base 3) in base 13?
-2
What is -2022 (base 3) in base 5?
-222
Convert -10 (base 7) to base 6.
-11
What is -1a (base 14) in base 7?
-33
What is 446 (base 8) in base 11?
248
-94 (base 15) to base 14
-9d
-32 (base 8) to base 7
-35
What is 49 (base 16) in base 5?
243
Convert -4 (base 8) to base 4.
-10
What is 314 (base 5) in base 10?
84
What is -4 (base 14) in base 3?
-11
Convert -7 (base 15) to base 4.
-13
-10 (base 11) to base 2
-1011
-5 (base 16) to base 6
-5
What is 11 (base 7) in base 11?
8
4 (base 16) to base 5
4
Convert 12 (base 15) to base 5.
32
What is 222 (base 4) in base 6?
110
What is 1 (base 4) in base 6?
1
-17 (base 9) to base 7
-22
100000100 (base 2) to base 3
100122
1222 (base 5) to base 4
2323
What is c (base 15) in base 8?
14
-11111011 (base 2) to base 15
-11b
What is -1 (base 2) in base 8?
-1
What is -21 (base 4) in base 13?
-9
What is -10 (base 7) in base 10?
-7
What is -33 (base 6) in base 8?
-25
322 (base 5) to base 15
5c
Convert 0 (base 10) to base 12.
0
Convert 3 (base 10) to base 2.
11
Convert -3 (base 5) to base 13.
-3
432 (base 5) to base 6
313
Convert 110 (base 3) to base 15.
c
11 (base 2) to base 8
3
What is -1a (base 16) in base 10?
-26
What is -110 (base 4) in base 7?
-26
Convert a0 (base 11) to base 12.
92
-415 (base 6) to base 16
-9b
-15 (base 6) to base 2
-1011
What is -3022 (base 4) in base 2?
-11001010
What is -4 (base 10) in base 9?
-4
Convert -b6 (base 14) to base 8.
-240
Convert -23 (base 9) to base 8.
-25
66 (base 13) to base 12
70
Convert -12 (base 15) to base 12.
-15
Convert 5 (base 11) to base 7.
5
-4 (base 9) to base 11
-4
-104 (base 8) to base 16
-44
What is 3 (base 15) in base 2?
11
What is 10 (base 2) in base 5?
2
What is 60 (base 15) in base 8?
132
-1b8 (base 12) to base 4
-10130
-4 (base 11) to base 16
-4
17 (base 8) to base 11
14
Convert 3 (base 15) to base 11.
3
-71 (base 10) to base 5
-241
-1 (base 13) to base 5
-1
What is -162 (base 15) in base 9?
-382
-3 (base 14) to base 8
-3
3 (base 15) to base 10
3
What is -6d (base 16) in base 4?
-1231
Convert 44 (base 7) to base 10.
32
What is -1 (base 2) in base 9?
-1
-23 (base 7) to base 16
-11
What is -24 (base 7) in base 11?
-17
What is -8 (base 10) in base 9?
-8
Convert -24 (base 8) to base 2.
-10100
What is -e (base 16) in base 9?
-15
What is -1 (base 16) in base 4?
-1
Convert 9 (base 12) to base 15.
9
-78 (base 10) to base 3
-2220
5 (base 15) to base 6
5
11110 (base 2) to base 16
1e
Convert 11a (base 11) to base 2.
10001110
What is 45 (base 10) in base 14?
33
Convert 34 (base 12) to base 9.
44
Convert 303 (base 6) to base 15.
76
110000111 (base 2) to base 15
1b1
Convert -200 (base 3) to base 2.
-10010
Convert 34 (base 12) to base 4.
220
What is -5 (base 16) in base 6?
-5
14 (base 5) to base 12
9
What is -11 (base 2) in base 6?
-3
What is -12 (base 3) in base 9?
-5
What is -11 (base 11) in base 12?
-10
-12110 (base 3) to base 6
-403
What is -242 (base 8) in base 2?
-10100010
What is -11101 (base 2) in base 3?
-1002
Convert -21200 (base 3) to base 5.
-1312
182 (base 11) to base 14
111
What is -35 (base 13) in base 7?
-62
10001 (base 2) to base 14
13
-50 (base 7) to base 5
-120
What is -2 (base 7) in base 10?
-2
What is 2 (base 10) in base 14?
2
Convert 3 (base 8) to base 5.
3
What is 13 (base 7) in base 12?
a
-25 (base 14) to base 8
-41
Convert 110 (base 2) to base 14.
6
What is -7 (base 15) in base 3?
-21
-101101 (base 2) to base 9
-50
Convert -25 (base 12) to base 6.
-45
-27 (base 14) to base 13
-29
What is 222 (base 5) in base 11?
57
What is 133 (base 6) in base 7?
111
Convert 450 (base 6) to base 16.
ae
Convert -102 (base 4) to base 5.
-33
What is 1310 (base 4) in base 9?
138
121 (base 5) to base 3
1100
Convert -234 (base 9) to base 6.
-521
What is -25 (base 13) in base 7?
-43
-20 (base 3) to base 15
-6
What is 211 (base 5) in base 8?
70
What is 11 (base 3) in base 8?
4
What is 30 (base 5) in base 12?
13
What is -7 (base 10) in base 13?
-7
What is -11 (base 12) in base 14?
-d
What is 33 (base 5) in base 2?
10010
What is -101 (base 3) in base 11?
-a
Convert -1 (base 4) to base 10.
-1
-2 (base 14) to base 7
-2
Convert 122 (base 4) to base 6.
42
Convert -111001 (base 2) to base 4.
-321
-46 (base 7) to base 15
-24
What is 11100000 (base 2) in base 14?
120
Convert 100 (base 2) to base 14.
4
Convert -76 (base 10) to base 7.
-136
What is 111 (base 3) in base 8?
15
12 (base 7) to base 8
11
2 (base 3) to base 11
2
-11011101 (base 2) to base 14
-11b
Convert 100000 (base 2) to base 13.
26
49 (base 16) to base 9
81
-110 (base 2) to base 4
-12
2 (base 8) to base 13
2
-1 (base 13) to base 16
-1
What is -20 (base 5) in base 6?
-14
What is 110011 (base 2) in base 11?
47
12 (base 11) to base 16
d
Convert -a (base 11) to base 2.
-1010
Convert -332 (base 6) to base 5.
-1003
0 (base 12) to base 7
0
What is -2 (base 15) in base 9?
-2
Convert -b (base 16) to base 2.
-1011
c (base 13) to base 4
30
What is -14 (base 11) in base 4?
-33
What is 1 (base 8) in base 16?
1
What is 10 (base 5) in base 10?
5
Convert -212 (base 4) to base 6.
-102
-38 (base 16) to base 12
-48
Convert 12 (base 4) to base 3.
20
Convert -23 (base 5) to base 7.
-16
Convert -12021 (base 3) to base 6.
-354
What is 44 (base 7) in base 16?
20
What is 12 (base 6) in base 13?
8
What is 120 (base 4) in base 11?
22
Convert 4 (base 16) to base 11.
4
Convert -9 (base 11) to base 2.
-1001
-4 (base 14) to base 2
-100
Convert -2 (base 13) to base 15.
-2
What is 1 (base 12) in base 8?
1
Convert -103 (base 6) to base 11.
-36
-19 (base 14) to base 9
-25
What is 5 (base 16) in base 3?
12
Convert 12 (base 3) to base 12.
5
Convert -16 (base 15) to base 7.
-30
Convert -31 (base 4) to base 10.
-13
-5 (base 12) to base 14
-5
1 (base 3) to base 7
1
-30 (base 7) to base 4
-111
Convert -6 (base 16) to base 5.
-11
What is 26 (base 7) in base 2?
10100
What is 0 (base 13) in base 12?
0
Convert -6 (base 13) to base 6.
-10
7 (base 15) to base 2
111
Convert 102 (base 3) to base 14.
b
What is 2 (base 12) in base 3?
2
Convert 3 (base 9) to base 14.
3
Convert 2 (base 11) to base 4.
2
What is -1 (base 16) in base 2?
-1
Convert 45 (base 15) to base 13.
50
What is -160 (base 8) in base 16?
-70
Convert -35 (base 14) to base 3.
-1202
Convert 328 (base 10) to base 16.
148
What is -224 (base 5) in base 13?
-4c
What is -19 (base 16) in base 13?
-1c
Convert -100 (base 3) to base 5.
-14
What is 125 (base 9) in base 4?
1220
What is -14 (base 11) in base 6?
-23
Convert 12 (base 3) to base 2.
101
-16 (base 15) to base 8
-25
11 (base 16) to base 5
32
-30 (base 4) to base 16
-c
What is 267 (base 8) in base 12?
133
What is -2 (base 9) in base 11?
-2
What is 36 (base 13) in base 7?
63
What is 13 (base 9) in base 3?
110
Convert 11 (base 2) to base 10.
3
Convert 17 (base 16) to base 6.
35
107 (base 8) to base 3
2122
Convert -13e (base 15) to base 4.
-10130
-1111 (base 2) to base 11
-14
What is 1100101 (base 2) in base 11?
92
What is -25 (base 11) in base 5?
-102
What is -1a (base 13) in base 2?
-10111
-16 (base 11) to base 6
-25
What is 3 (base 12) in base 6?
3
Convert 48 (base 14) to base 2.
1000000
What is -3 (base 14) in base 3?
-10
What is -2 (base 14) in base 7?
-2
Convert -2 (base 14) to base 5.
-2
Convert -2 (base 6) to base 2.
-10
-17 (base 8) to base 11
-14
What is 1020 (base 4) in base 9?
80
Convert 